= -c**3 + 9*c**2 + 64907*c - 519286. Give o(8).
34
Let t(y) = y**3 + 74*y**2 + 1177*y + 80596. Give t(-73).
4
Let g(i) = -i**3 - 103*i**2 - 2492*i + 246. Calculate g(-64).
-10
Let t(g) = -18*g**2 + 255*g + 284. Calculate t(15).
59
Let q(m) = m**3 - 15*m**2 - m + 215. Determine q(16).
455
Let t(w) = 53*w**2 - 146*w + 591. Calculate t(4).
855
Let y(g) = -g**3 - 17*g**2 - 54*g + 601. What is y(-18)?
1897
Let b(t) = -211*t + 12117. Determine b(51).
1356
Let u(t) = -4*t**2 + 734*t - 1205. Determine u(187).
-3823
Let s(a) = -1071*a - 47572. Determine s(-46).
1694
Let m(s) = s**3 + 182*s**2 + 724*s + 1944. Determine m(-178).
-192
Let t(c) = 5*c**3 - 26*c**2 - 2342*c + 13918. Determine t(6).
10
Let n(h) = -h**2 - 27*h + 10. What is n(-31)?
-114
Let t(s) = s**3 - 291*s**2 + 14749*s - 50153. Determine t(227).
14
Let m(q) = 891*q**2 - 61491*q + 829. Give m(69).
1
Let u(l) = 61*l**2 + 3152*l - 21068. Give u(6).
40
Let h(n) = -n**2 + 272690*n - 1363435. Calculate h(5).
-10
Let z(u) = 6*u**2 + 18*u - 9. Determine z(-5).
51
Let c(g) = 306*g + 111364. Give c(-364).
-20
Let s(y) = 2307*y + 2397. Determine s(-1).
90
Let i(c) = -191*c - 4009. What is i(-21)?
2
Let t(j) = -352*j + 4339. Give t(12).
115
Let a(s) = 12*s**2 + 2952*s - 63772. Give a(-266).
68
Let i(g) = -4*g**3 + 36*g**2 - 39*g - 270. Give i(5).
-65
Let c(t) = 134*t + 2456. Give c(-14).
580
Let b(w) = 378*w + 6298. Give b(-17).
-128
Let x(f) = -716*f - 7913. Determine x(-9).
-1469
Let u(j) = 397*j**2 - 26*j - 12. What is u(-1)?
411
Let m(r) = 3717*r - 11353. Determine m(3).
-202
Let v(f) = f**2 + 924*f + 138954. What is v(-189)?
39
Let b(p) = -27*p**3 + 1131*p**2 + 121*p + 159. Calculate b(42).
-51
Let s(d) = 122707*d + 245409. Determine s(-2).
-5
Let u(n) = 5*n**3 - 12*n**2 - 23*n + 266. What is u(5)?
476
Let f(a) = -16221*a + 111183. Calculate f(7).
-2364
Let d(z) = z**3 - 329*z**2 + 19051*z - 253. Determine d(254).
1
Let y(m) = -204*m**2 + 8890*m + 13056. What is y(45)?
6
Let m(i) = 3790*i + 53049. Determine m(-14).
-11
Let c(o) = -16*o**2 - 421*o + 728. Determine c(-28).
-28
Let a(h) = h**3 + 193*h**2 + 1499*h + 22. What is a(-8)?
-130
Let k(g) = 20*g**2 - 374*g - 727. Give k(-2).
101
Let j(s) = -62819*s + 188446. Give j(3).
-11
Let y(q) = -2*q**3 - 29*q**2 - 158*q - 287. What is y(-13)?
1260
Let r(y) = -8*y**2 - 405*y - 5175. Calculate r(-24).
-63
Let l(g) = -2*g**2 + 115*g + 6888. What is l(-37)?
-105
Let v(x) = 9634*x - 2697522. Calculate v(280).
-2
Let s(p) = -29*p - 392. Calculate s(-17).
101
Let o(b) = 26*b**2 - 5919*b - 145250. Give o(250).
0
Let v(n) = -3*n**3 + 418*n**2 - 556*n + 547. Determine v(138).
-5
Let q(g) = 17075*g + 119524. Give q(-7).
-1
Let v(f) = 5*f**2 + 103*f - 12102. What is v(40)?
18
Let w(t) = 118*t - 18721. Give w(157).
-195
Let o(h) = -h**2 + 451*h + 485750. Calculate o(-507).
44
Let k(i) = -i**3 + 2*i**2 - 12*i + 59. What is k(2)?
35
Let c(y) = -2*y**2 + 363*y - 7414. What is c(155)?
801
Let s(a) = -238*a**2 + 53788*a - 93. Determine s(226).
-93
Let f(p) = -2*p**3 - 191*p**2 + 874*p - 2044. What is f(-100)?
556
Let m(a) = 7*a**2 - 6818*a - 54989. Give m(-8).
3
Let o(s) = -3*s**3 + 87*s**2 - 1729*s + 32846. Calculate o(24).
-10
Let a(v) = 2*v**3 - 109*v**2 + 374*v - 574. Determine a(51).
293
Let y(l) = 374*l**2 + 13458*l - 118. What is y(-36)?
98
Let g(t) = -613*t + 20835. What is g(34)?
-7
Let c(u) = -151707*u + 1061910. What is c(7)?
-39
Let y(v) = 10*v**2 - 1332*v - 23887. Give y(-16).
-15
Let y(g) = 479*g - 24910. Calculate y(53).
477
Let j(m) = -174*m - 9043. Calculate j(-56).
701
Let d(l) = -2*l**3 - 306*l**2 + 320*l + 1837. Calculate d(-154).
-11
Let y(c) = -7*c**2 + 2482*c - 23983. Calculate y(10).
137
Let m(a) = 129*a - 1502. Determine m(-7).
-2405
Let m(b) = b**3 - 25*b**2 - 137*b + 3051. Calculate m(26).
165
Let z(m) = 80*m + 185. Calculate z(-8).
-455
Let l(w) = -22*w**3 - 783*w**2 + 2918*w - 35. Give l(-39).
238
Let i(q) = 2*q**3 - 298*q**2 + 1070*q + 13141. Calculate i(145).
91
Let d(f) = -65*f - 4529. Give d(-84).
931
Let c(p) = 36*p**2 - 447*p - 1690. Determine c(-3).
-25
Let t(k) = -2*k**3 - 128*k**2 + 350*k + 142. Give t(3).
-14
Let y(l) = 2592*l + 44163. Calculate y(-17).
99
Let y(a) = -10843*a - 32533. Determine y(-3).
-4
Let w(q) = q**3 + 115*q**2 - 4209*q - 409311. Determine w(-122).
-1
Let y(r) = -r**3 + 14369*r**2 + 14370*r. Determine y(-1).
0
Let w(h) = 2947*h - 26879. Give w(10).
2591
Let i(k) = k**3 + 50*k**2 + 440*k - 190. Determine i(-12).
2
Let d(f) = -f**2 - 66*f + 2635. What is d(30)?
-245
Let o(d) = -d**2 - 243*d + 6965. Determine o(26).
-29
Let w(f) = 29*f**3 + 11839*f**2 + 2863*f + 2846. Calculate w(-408).
-10
Let u(c) = -1083*c + 2604. What is u(1)?
1521
Let a(u) = u**2 + 15*u - 1037. Calculate a(-39).
-101
Let w(b) = -10900*b - 708515. Calculate w(-65).
-15
Let f(t) = 23995*t + 455894. Calculate f(-19).
-11
Let f(u) = 13970*u - 4358624. Determine f(312).
16
Let r(p) = 22972*p - 22960. Give r(1).
12
Let f(j) = 27*j**2 - 2737*j + 8238. Calculate f(3).
270
Let v(z) = 178800*z + 357596. Determine v(-2).
-4
Let t(w) = -8*w**3 + 165*w**2 - 45*w + 1661. Determine t(21).
-607
Let t(o) = o**3 + 15*o**2 + 29*o - 2. Calculate t(-9).
223
Let i(c) = -c**3 - 65*c**2 - 313*c - 757. What is i(-60)?
23
Let s(o) = o**2 + 76369*o - 611023. Calculate s(8).
-7
Let d(w) = -69*w**2 + 247*w + 113. Give d(3).
233
Let a(b) = -39230*b - 78461. What is a(-2)?
-1
Let p(t) = 764*t**2 - 64923*t - 1434. What is p(85)?
11
Let p(n) = -404001*n + 4848008. Determine p(12).
-4
Let o(i) = -i**3 + 83*i**2 - 150*i + 12414. What is o(83)?
-36
Let d(s) = 95*s - 4345. Give d(33).
-1210
Let k(i) = 5*i**2 - 133*i + 402. Give k(23).
-12
Let r(u) = u**2 - 2751*u - 94684. Determine r(-34).
6
Let d(h) = h**3 - 20*h**2 + 59*h - 957. Give d(19).
-197
Let a(g) = -2*g**3 - 54*g**2 - 179*g + 30. Give a(-23).
-85
Let u(p) = -4*p**2 - 37*p. What is u(5)?
-285
Let d(l) = -731682*l - 6585161. Calculate d(-9).
-23
Let r(m) = -2785*m - 147629. Calculate r(-53).
-24
Let s(p) = 28*p**2 - 1259*p - 5388. Calculate s(-4).
96
Let u(d) = d**3 + 61*d**2 + 1361*d + 88233. Determine u(-62).
7
Let f(d) = 4*d**3 + 29*d**2 - 276*d - 1831. What is f(-6)?
5
Let n(g) = -29*g**2 + 40*g + 20. What is n(-5)?
-905
Let m(l) = 23*l**3 - 126*l + 430. What is m(4)?
1398
Let l(s) = -s**3 - 14*s**2 + 715*s + 11790. Give l(-19).
10
Let k(g) = -g**3 - 9*g**2 - 819*g + 3298. Calculate k(4).
-186
Let d(s) = -21*s**2 + 136*s + 1055. What is d(-9)?
-1870
Let k(g) = g**3 - 57*g**2 - 990*g - 3388. Calculate k(72).
3092
Let b(t) = t**3 - 38*t**2 + 182*t - 1461. Determine b(34).
103
Let a(s) = 30*s**2 - 3683*s - 4596. Calculate a(124).
-8
Let d(v) = 4*v**3 - 1067*v**2 - 2649*v + 61337. Give d(269).
5
Let v(g) = -227*g**2 - 715*g - 16. Give v(-3).
86
Let y(g) = 2*g**3 - 1118*g**2 + 7739*g - 74. Calculate y(7).
3
Let z(q) = -6089*q - 18267. What is z(-3)?
0
Let h(g) = -g**3 + 31*g**2 - 1125*g + 39306. What is h(33)?
3
Let c(s) = -s**3 + 38*s**2 - 87*s + 833. Calculate c(37).
-1017
Let q(z) = 147*z + 2543. Calculate q(-11).
926
Let h(n) = -20963*n - 62983. What is h(-3)?
-94
Let v(w) = -1483*w - 541287. Give v(-365).
8
Let r(h) = h**2 - 65236*h - 260956. What is r(-4)?
4
Let n(d) = -d**3 - 10*d**2 - 188*d - 3419. Determine n(-14).
-3
Let s(h) = -39*h**2 - 570*h + 4. Determine s(-4).
1660
Let s(g) = 19*g**3 - 114*g**2 - 26*g + 303. Calculate s(6).
147
Let t(s) = 16696*s - 233753. Give t(14).
-9
Let x(d) = d**3 - 12*d**2 - 134*d - 145. Calculate x(20).
375
Let w(k) = -8528*k - 59693. Determine w(-7).
3
Let l(b) = -3*b**2 - 1780*b + 33008. What is l(18)?
-4
Let v(b) = -650*b - 22158. Determine v(-34).
-58
Let k(o) = 86*o - 814. Give k(14).
390
Let s(p) = 8610*p - 180796. What is s(21)?
14
Let i(a) = 3*a**3 - 120*a**2 + 713*a - 143. Determine i(7).
-3
Let r(d) = 49*d + 6787. Calculate r(-103).
1740
Let f(t) = -194953*t + 4094018. What is f(21)?
5
Let f(s) = -s**3 + 179*s**2 - 2163*s + 832. What is f(166)?
2
Let r(k) = k**2 - 251*k + 7233. Calculate r(38).
-861
Let q(k) = 3*k**3 - 592*k**2 - 496*k + 19776. What is q(198)?
-24
Let i(f) = 12*f**3 - 697*f**2 + 694*f - 3. Determine i(1).
6
Let f(l) = 4961285*l - 9922562. Calculate f(2).
8
Let d(k) = -5*k**3 - 895*k**2 + 1838*k + 5208. Calculate d(-181).
140
Let t(f) = -247*f + 14350